6).
-173
Let a(h) = -h**2 + 433*h - 3861. Determine a(9).
-45
Let q(k) = -2*k**2 - 22*k + 111. What is q(4)?
-9
Let i(a) = -a**3 - 33*a**2 - 219*a + 53. Calculate i(-10).
-57
Let k(d) = -d**3 + 9*d**2 - 3*d. Calculate k(8).
40
Let j(p) = 3*p**3 + 3*p + 201. Determine j(0).
201
Let i(o) = -28*o**2 + 65*o + 51. Give i(3).
-6
Let f(q) = q**2 - 49*q - 586. What is f(-10)?
4
Let q(o) = -o**3 - 6*o**2 + 134*o - 19. Calculate q(-15).
-4
Let j(h) = -186*h - 51. Give j(-3).
507
Let s(p) = -9*p**2 - 196*p + 195. Determine s(1).
-10
Let r(j) = -11*j - 267. Give r(-23).
-14
Let l(a) = -71*a + 981. Give l(14).
-13
Let n(s) = -273*s + 2909. Calculate n(11).
-94
Let d(h) = -h**3 + 6*h**2 - 3*h - 11. Determine d(0).
-11
Let w(s) = s**3 + 34*s**2 + 2*s + 52. Calculate w(-34).
-16
Let w(i) = -i**2 - 253*i - 2481. Calculate w(-10).
-51
Let b(g) = -g**3 + 16*g**2 + 13*g - 196. Give b(16).
12
Let k(o) = 168*o - 7630. Calculate k(45).
-70
Let b(x) = -x**3 - 9*x**2 + 4*x + 106. Give b(-8).
10
Let p(n) = -2*n**2 + 56*n + 62. Determine p(-1).
4
Let b(m) = -4979*m - 54766. Determine b(-11).
3
Let m(h) = h**3 - 3*h**2 - 20*h + 72. What is m(7)?
128
Let h(c) = -4*c**3 - 36*c**2 - 18*c - 180. Calculate h(-9).
-18
Let i(s) = s**2 + 42*s - 8755. What is i(-117)?
20
Let b(v) = 2*v**3 - 315*v**2 + 229*v - 11324. What is b(157)?
-20
Let i(m) = m**2 + 3*m - 551. Determine i(22).
-1
Let t(y) = -y**3 - 148*y**2 - 441*y - 883. Determine t(-145).
-13
Let r(u) = -40*u**2 + 350*u + 90. What is r(9)?
0
Let s(q) = q**3 + 343*q**2 + 4310*q + 6600. Determine s(-330).
0
Let j(c) = 21*c - 899. Determine j(9).
-710
Let s(f) = -47*f - 894. Calculate s(-19).
-1
Let r(i) = 295*i - 7336. Calculate r(25).
39
Let w(j) = -j**2 - 202*j + 5473. What is w(-226)?
49
Let g(h) = 346*h - 8650. Give g(25).
0
Let k(n) = n**2 + 34*n + 70. Calculate k(-32).
6
Let z(q) = -q**3 + 8*q**2 - q + 22. What is z(8)?
14
Let t(n) = n**3 + 12*n**2 + 38*n + 29. Determine t(-8).
-19
Let b(k) = 134*k + 14341. Determine b(-107).
3
Let l(g) = -g**3 - 10*g**2 + 4*g + 54. Calculate l(-7).
-121
Let b(f) = -538*f - 384. Calculate b(-1).
154
Let i(u) = -26*u - 630. Calculate i(-23).
-32
Let g(l) = 302*l + 328. Give g(-3).
-578
Let i(s) = -132*s**2 - 10*s. Give i(1).
-142
Let j(b) = -b**3 - 18*b**2 - 35*b - 90. Give j(-16).
-42
Let v(g) = 3*g**2 - 154*g + 668. What is v(47)?
57
Let u(k) = k**3 - 19*k**2 - 161*k + 62. Give u(25).
-213
Let t(i) = -i**3 - 54*i**2 - 110*i - 310. What is t(-52)?
2
Let h(z) = -83*z + 1823. Determine h(22).
-3
Let m(t) = 59*t**2 + 30*t - 47. What is m(2)?
249
Let r(o) = -41*o**2 + 553*o + 289. Give r(14).
-5
Let r(m) = 4*m + 132. What is r(-24)?
36
Let o(d) = 173*d + 13155. Calculate o(-76).
7
Let m(f) = -181*f - 9779. Calculate m(-54).
-5
Let q(z) = 20*z - 223. Give q(10).
-23
Let x(p) = 4*p**3 - 100*p**2 - 5*p + 305. Give x(25).
180
Let i(z) = z**3 + 18*z**2 + 71*z - 75. Determine i(-9).
15
Let b(i) = i**3 + 17*i**2 + 107*i + 220. Give b(-5).
-15
Let x(w) = w**2 + 35*w + 57. Calculate x(-22).
-229
Let w(y) = -70*y - 333. Give w(-5).
17
Let u(p) = 10*p - 394. What is u(-23)?
-624
Let b(l) = -33*l - 20. What is b(-3)?
79
Let w(b) = 313*b - 3080. Calculate w(10).
50
Let f(v) = 2*v**3 + 107*v**2 - 53*v + 50. What is f(-54)?
-4
Let f(a) = -2*a**3 - 4*a**2 + 46*a + 3. Give f(4).
-5
Let o(k) = -32204*k + 96594. Calculate o(3).
-18
Let x(d) = -173*d + 158. Calculate x(1).
-15
Let m(o) = 14*o**2 - 210*o + 718. Determine m(10).
18
Let l(q) = q**2 - 46*q - 63. Determine l(24).
-591
Let t(j) = -180*j**2 + 2510*j - 4. Determine t(14).
-144
Let s(k) = k**2 + 150*k + 3155. What is s(-126)?
131
Let d(t) = -t**3 + 9*t**2 + 52*t + 65. Calculate d(-2).
5
Let w(u) = 3*u**2 + 65*u + 36. Give w(-16).
-236
Let o(p) = p**2 - 291*p + 4. Calculate o(0).
4
Let f(g) = 3680*g + 47866. Give f(-13).
26
Let k(v) = -2*v**2 + 38*v - 161. Give k(7).
7
Let i(f) = 144*f - 1325. Calculate i(9).
-29
Let p(q) = 13*q**3 + 148*q + 151. Determine p(-1).
-10
Let r(p) = 404*p + 30. Give r(-4).
-1586
Let t(z) = z**2 - 54*z - 6. Give t(54).
-6
Let j(z) = -z**2 + 102*z - 1715. What is j(21)?
-14
Let c(b) = -2*b**3 + 78*b**2 - 40*b + 1578. Give c(39).
18
Let a(t) = -18*t**2 + 121*t - 44. Give a(6).
34
Let s(r) = 13*r**3 + r**2 + 2*r + 137. What is s(0)?
137
Let r(g) = g**3 - 7*g**2 - 4*g - 5. Give r(7).
-33
Let u(l) = 1151*l - 310775. What is u(270)?
-5
Let f(m) = -m**3 + m**2 - 21*m + 55. Calculate f(3).
-26
Let q(k) = -k**3 + 87*k**2 - 3*k + 255. Determine q(87).
-6
Let c(o) = -o**2 - 45*o - 502. Calculate c(-24).
2
Let i(v) = -v**3 - 12*v**2 + 79*v + 29. What is i(5)?
-1
Let v(x) = 3*x**2 + 2*x - 202. What is v(8)?
6
Let w(z) = -3*z**2 + 13*z - 9. Determine w(5).
-19
Let t(o) = -o**3 - 2*o**2 - 2*o - 183. Determine t(0).
-183
Let c(o) = o**3 - 17*o**2 + 61*o - 1039. Give c(17).
-2
Let b(q) = -q**3 + 23*q**2 - q + 59. Determine b(23).
36
Let d(o) = -61*o - 1177. Calculate d(-25).
348
Let g(t) = -2654*t - 119431. Calculate g(-45).
-1
Let n(i) = -2*i**3 - 7*i**2 + i + 11. Calculate n(-3).
-1
Let h(d) = 4*d**3 + d**2 + 43*d - 42. What is h(1)?
6
Let v(i) = 16*i - 377. Calculate v(23).
-9
Let n(i) = -22*i**2 - 21*i - 21. Determine n(-1).
-22
Let m(t) = 3*t**2 - 64*t + 271. Determine m(16).
15
Let s(o) = 2*o**3 - o**2 - 2*o + 1. Calculate s(3).
40
Let w(c) = 133*c**3 - c**2 + 484*c + 485. Calculate w(-1).
-133
Let z(q) = -69378*q + 69374. Give z(1).
-4
Let s(f) = -2*f**2 - 68*f - 99. What is s(-29)?
191
Let o(g) = 1075*g + 6. What is o(0)?
6
Let h(n) = -42*n - 38. Calculate h(4).
-206
Let y(z) = 259*z - 3102. Determine y(12).
6
Let c(q) = -34*q + 422. What is c(13)?
-20
Let a(i) = -2*i**3 - 9*i**2 + 16*i + 66. Calculate a(-3).
-9
Let f(j) = -92*j - 417. What is f(-5)?
43
Let o(m) = -33*m - 314. Give o(-19).
313
Let x(g) = -10*g**2 - 39*g + 2. Give x(-3).
29
Let c(z) = 2*z**2 - 1828*z - 12826. Determine c(-7).
68
Let o(p) = 12*p**2 - 238*p + 42. What is o(20)?
82
Let a(k) = k**3 - 79*k**2 - 248*k + 125. Calculate a(82).
-39
Let i(u) = 11*u**2 + 178*u - 169. Determine i(-17).
-16
Let g(b) = 2*b**3 + 41*b**2 + 205*b + 38. Give g(-12).
26
Let y(c) = 16*c**2 + 63*c - 8. Calculate y(-4).
-4
Let z(f) = 68*f - 250. Calculate z(-5).
-590
Let q(f) = 2*f**3 + 29*f**2 + 9*f - 48. Give q(-14).
22
Let q(m) = 27*m - 297. Calculate q(12).
27
Let w(y) = y**3 - 14*y**2 + 48*y + 9. Give w(4).
41
Let a(b) = 412*b - 3699. What is a(9)?
9
Let f(p) = 264*p - 9037. Determine f(34).
-61
Let d(m) = 21*m + 219. Give d(-10).
9
Let q(g) = 8*g**3 + 2*g**2 - 3*g - 2. Give q(-2).
-52
Let k(u) = 32*u**3 + u**2 + 45*u + 46. Determine k(-1).
-30
Let f(r) = -33*r - 172. Determine f(-5).
-7
Let o(y) = -24*y + 284. What is o(10)?
44
Let j(w) = w**3 - 87*w**2 + 484*w - 4. What is j(6)?
-16
Let y(o) = 2*o**2 - 139*o + 1526. What is y(14)?
-28
Let j(y) = 2*y**3 - y**2 - 9*y + 13. Give j(0).
13
Let o(l) = l**2 - 26*l + 25. What is o(8)?
-119
Let d(w) = 52*w - 1089. What is d(21)?
3
Let q(i) = i**2 - 20*i - 235. Determine q(0).
-235
Let w(j) = -j + 71. What is w(-36)?
107
Let c(x) = x**3 + 190*x**2 - 2419*x + 997. Calculate c(-202).
-13
Let n(l) = l**3 + 114*l**2 + 1649*l + 7. Calculate n(-17).
7
Let k(c) = c**2 - 181*c + 357. What is k(2)?
-1
Let d(h) = -37*h - 273. Calculate d(-7).
-14
Let x(k) = k**3 - 37*k**2 + 269*k + 30. Calculate x(27).
3
Let q(k) = k**2 + 13*k - 780. Give q(22).
-10
Let l(h) = 429*h - 2306. Calculate l(5).
-161
Let n(k) = -11*k**2 + 64*k - 129. What is n(7)?
-220
Let i(c) = 10*c - 500. Give i(52).
20
Let q(n) = -9*n + 252. What is q(32)?
-36
Let x(p) = 3*p**3 + 59*p**2 + 239*p + 19. Calculate x(-14).
5
Let b(q) = 496*q - 514. What is b(1)?
-18
Let d(q) = 3*q**3 - 113*q**2 + 72*q + 46. Give d(37).
-28
Let a(f) = -7*f**3 + 6*f**2 + 6*f. Determine a(-1).
7
Let v(j) = 133*j + 5067. What is v(-39)?
-120
Let d(h) = 883*h - 2645. Determine d(3).
4
Let a(z) = -28*z - 257. Determine a(-8).
-33
Let v(j) = -j**3 + 16*j**2 + 34*j + 41. Give v(18).
5
Let n(v) = -2*v**3 - 6*v**2 + 12*v + 48. Determine n(-4).
32
Let h(l) = l**2 - 99*l + 2220. Calculate h(65).
10
Let g(x) = 2*x**2 + 88*x - 777. What is g(8)?
55
Let o(s) = -122*s - 12673. Calculate o(-103).
-107
Let w(m) = -39*m**2 + m - 7. Calculate w(1).
-45
Let g(y) = -1042*y - 3. Determine g(0).
-3
Let d(j) = 53*j. What is d(4)